 is f(5)?
-2
Let i(f) = f**3 + 2*f**2 - 2*f - 1. Let j be i(-2). Let l = 0 - j. Let o(u) = -u**3 - 3*u**2 + u + 4. Determine o(l).
1
Let k(d) = -d - 2. Let f(y) = -y - 1. Let s(r) = -3*f(r) + 4*k(r). Suppose 0 = 4*c + 4*g - 44, 0 = -4*c + c + 3*g + 21. Let v = -5 + c. Give s(v).
-9
Let x(g) = -2*g + 2. Let b(u) = u**3 - 10*u**2 + 9*u - 4. Let o be b(9). What is x(o)?
10
Let r(i) = -i + 8. Let g be r(4). Suppose 0*v + 12 = g*v. Let o(l) = -4 - 1 + 3 + l - v. What is o(3)?
-2
Let c(t) = -t**3. Let s be c(1). Let d(z) = z**2. Let b be d(s). Let l(q) = 5*q**2 + q - 1. Give l(b).
5
Let f be 2/7 + 99/21. Suppose -2*b - f = 2*l + b, -3*b - 1 = -2*l. Let r(a) = -6*a**2 + a + 1. What is r(l)?
-6
Let j(d) = d**3 + 4*d**2 + d. Let i be j(-3). Let o(h) be the first derivative of -h**4/4 + 5*h**3/3 + 3*h**2 + 4*h - 6. Determine o(i).
4
Let h(p) be the third derivative of -p**4/12 + p**3/2 + 2*p**2. What is h(2)?
-1
Let w(o) = o**3 + o**2 - 1. Let i(k) = 2*k**3 - 9*k**2 + 2. Let s(y) = -i(y) + 3*w(y). Calculate s(-12).
-5
Suppose 2*z - 1 = -f, z - 2*f + 4*f + 4 = 0. Let w be (1 - 0)/(z/12). Let x(b) = -b**3 + 6*b**2 + 4. Calculate x(w).
4
Let v(j) be the second derivative of j**4/12 - j**3/3 - 2*j**2 + 14*j. Determine v(4).
4
Let d(o) = o**3 + 4*o**2 + 2*o - 2. Suppose 0 = 2*m + 2*m - 4, 2*m + 8 = -5*p. Calculate d(p).
2
Let u(f) be the first derivative of f**2/2 + f - 9. Let d be (1 - (1 - -5)) + 0. Calculate u(d).
-4
Suppose 18 - 22 = 2*u. Let c(t) = t**2 + 2*t + 2. Determine c(u).
2
Suppose -2*w + 3 = 3*a - 5*w, 0 = -5*a - w - 7. Let r be a/((-1)/(1 + 0)). Let f = -1 - r. Let t(x) = 3*x**2 + x + 1. Give t(f).
11
Let d(w) = 2*w - 7. Let g(c) = 30*c - 90. Let y(o) = 5*o - 15. Let k(n) = 4*g(n) - 25*y(n). Let z(v) = 13*d(v) + 6*k(v). Let i be (-5)/7 - 2/7. What is z(i)?
3
Let y(z) = 3*z - 7. Let k(s) = -2*s + 5. Let d(t) = 7*k(t) + 5*y(t). Determine d(2).
2
Let i(o) = -o - 16. Suppose 0 = -3*b + 7*b - 24. Let p(h) = -h + 6. Let u be p(b). What is i(u)?
-16
Let l(f) be the third derivative of f**6/120 + f**5/20 - f**4/6 + 5*f**3/6 + 4*f**2. Determine l(-4).
5
Let g(n) = -3*n**2 - n + 1. Let v(p) = -7*p**2 - 2*p + 3. Let k(t) = 5*g(t) - 2*v(t). Calculate k(-3).
-7
Let f be (4 - 8)*9/12. Let i(n) = n + 3. Calculate i(f).
0
Let k = -54 - -56. Let j be (15/12)/(2/8). Let l(m) = -j*m**k + 0*m**2 - 5*m + 0*m**2 + 4*m**2 - 4. Calculate l(-4).
0
Let q(w) = -w**2 + 6*w - 3. Let z be (-8)/36 - (-100)/45. Give q(z).
5
Let s be (-4)/(-16) - (-30)/8. Let q(t) = -t**2 + 4*t - 2. What is q(s)?
-2
Let y(i) be the second derivative of -i**3/3 - 3*i**2 - 2*i. Suppose 15*b - 14*b + 4 = 0. Give y(b).
2
Let d = -105 - -100. Let t(j) = -j**2 - 4*j - 5. Give t(d).
-10
Let n(a) = -4*a + 9. Let h(s) = 3*s - 6. Suppose -7*r + 20 = -3*r. Let v(x) = r*n(x) + 7*h(x). What is v(0)?
3
Let w(r) be the third derivative of 1/60*r**5 - 1/3*r**3 + 0*r + 0 - 1/6*r**4 + 4*r**2. Determine w(5).
3
Let f(v) = 2*v + 1. Let q(h) = -4 + 1 - 16*h + 17*h. Let g be q(5). Calculate f(g).
5
Let q(v) = -v**2. Let b be q(-1). Let f be b/((-1)/4*2). Let z(n) = 2*n - 3 - 5 + 4 - n**f. Calculate z(3).
-7
Let k be -3*1*2/(-3). Suppose 0 = -k*y - 0*y + 6. Let s(o) = o**2 - 3*o - 2. Calculate s(y).
-2
Let h be (-2)/(-7) + (-2)/7. Suppose h = 4*g - 3*u + 26, -5*g - 2*u + 0*u = 21. Let b(t) = -t**3 - 5*t**2 - 1. What is b(g)?
-1
Let c = -29 - -25. Let r(g) = -g**3 - 5*g**2 - 2*g - 2. Determine r(c).
-10
Let g(m) be the second derivative of -1/2*m**2 + 4*m + 1/6*m**3 + 0. Let a be (-1*1)/((-3)/12). Determine g(a).
3
Suppose -2*q = -o + 6, 5*o - 4*q + 6 = -6*q. Let u(f) = -f**2 + f + 14. What is u(o)?
14
Let c = -11 + 15. Let k(i) = -i**2 + i + 4. Calculate k(c).
-8
Let w(d) = -d - 5. Let q(a) = -1. Let i(u) = -4. Let c(m) = -i(m) + 5*q(m). Let k be (-2 - -1) + (1 - 4). Let p(f) = k*c(f) + 2*w(f). Give p(-5).
4
Let d(g) = g**3 - 15*g**2 - 16*g - 3. Let x be d(16). Let b(l) = l**3 + 5*l**2 + 4*l - 1. Calculate b(x).
5
Let j(t) be the second derivative of t**5/20 - 5*t**4/12 - t**3 + t**2/2 + t. Let m be j(6). Let g(o) = -6*o + 1. What is g(m)?
-5
Suppose -1 = -8*t - 17. Let x(b) = 4*b + 3. Determine x(t).
-5
Let h(y) = y**2 + 7*y + 5. Let w be h(-6). Let v = -14 + 17. Let l(f) = -v*f + 3*f + 2*f**2 + f + 7*f**3. Calculate l(w).
-6
Let g(b) = 2*b - 3 - b - 6*b + b**2. Suppose -3*m = -8*m + 60. Let a = m - 6. Give g(a).
3
Let i(u) = -5*u + 3. Let k be (-12)/15 + (-56)/(-20). Give i(k).
-7
Let p(x) be the third derivative of x**6/120 + x**5/30 + x**4/24 + 2*x**3/3 + 5*x**2. Suppose 3*r - g + 5 = -0*g, -12 = 3*g. What is p(r)?
-8
Let u = 18 - 12. Let x(l) = l**2 - 6*l + 6. Let n be x(u). Let p(w) = w - 9. Give p(n).
-3
Suppose -c - 4 - 1 = 0. Let s(i) = i**2 + 7*i - 2. Calculate s(c).
-12
Let j(r) = -r + 2. Let v(g) = -4*g - 3. Let z be v(-2). Determine j(z).
-3
Let o(n) = 2*n - 3. Let k be (2 + 0)/((-2)/(-6)). Determine o(k).
9
Let d = 8 + -15. Let r(f) = -3*f + 7. Let u(g) = -5*g + 13. Let n(z) = d*r(z) + 4*u(z). Suppose -2*v = 2*s + 4, 2*v + s - 5*s = -4. Calculate n(v).
1
Let u(x) = 2*x**2 - 4*x + x - 2*x + 10 - 3*x**2. Give u(-7).
-4
Let h(i) be the first derivative of -i**3/3 - 7*i**2/2 + 5*i + 21. What is h(-8)?
-3
Let y(t) = -7*t**2 - t - 1. Suppose -4*l - 1 = -3*n, 4*l + 0*l + 4*n + 8 = 0. Determine y(l).
-7
Suppose 2*j + 18 = 6. Let k(v) = -v**3 - 5*v**2 + 4*v - 8. Determine k(j).
4
Let u = 1255/84 - 104/7. Let g(f) be the second derivative of 0 + u*f**4 + 5/6*f**3 - 2*f + 2*f**2. Give g(-4).
0
Let m be ((-40)/35)/((-6)/21). Suppose -m*t + 3*j = -9 + 2, 24 = -2*t - 4*j. Let w(u) = -7*u - 2. Determine w(t).
12
Let d(i) be the second derivative of 0 + 3/2*i**2 + 1/2*i**3 - 3*i. What is d(-2)?
-3
Let j(b) = -1. Let h(p) = p + 2. Let n(c) = h(c) + 5*j(c). Suppose 0*w - 25 = 5*w. Let r = -2 - w. Calculate n(r).
0
Let h(b) = 4*b**2 - 23*b + 19. Let p(o) be the first derivative of -o**3/3 + 3*o**2 - 5*o + 6. Let k(n) = 6*h(n) + 22*p(n). Determine k(4).
12
Let f(a) = -3*a - 1. Suppose 32 = 5*j - j. Let s(y) = -9*y - 2. Let g(d) = j*f(d) - 3*s(d). Give g(3).
7
Let v(y) be the third derivative of y**9/60480 + y**8/5040 - y**6/240 - y**5/60 - 2*y**2. Let p(m) be the third derivative of v(m). Calculate p(-3).
6
Let m(c) be the second derivative of -c**4/12 + c**2/2 + c. Let j = 10 + -9. Give m(j).
0
Let d = 4 - 1. Suppose z - d = -0. Let y(s) = -s**2 + 5*s - 3. Let l be y(z). Let r(k) = k**3 - 2*k**2 - 5*k + 2. Give r(l).
-4
Suppose 2*w - 3*y - 2 = 5, -4*y = -2*w + 8. Let a be (-5)/((-1)/2*w). Let v(s) = 3*s + 5 - a*s - 4 - 3*s**2. Calculate v(1).
-4
Let i(d) = d**3 + 1. Let w(f) = -2*f**3 - 3*f**2 + 3*f - 3. Let h(m) = -3*i(m) - w(m). What is h(2)?
-2
Let d(z) = -3 - z**3 + 3*z + 0 + 2*z**2 - z. Suppose r - 6 = -y, -2*r - 5*y + 10 + 11 = 0. What is d(r)?
-6
Let t = 12 - 3. Suppose 11*k - t*k = 0. Suppose k = -r - 0 + 3. Let p(u) = u**2 - 5*u + 4. Determine p(r).
-2
Let c(v) = v**2 - 3*v - 6. Let f be 4/10 - 46/(-10). Let j be c(f). Suppose 5*h = -j + 9. Let t(a) = -6*a. Give t(h).
-6
Let d(k) = k**3 - 7*k**2 - 8*k + 4. Suppose -9 = -2*x + 7. Let y be d(x). Let w(v) be the third derivative of v**4/24 - v**3/6 - v**2. Give w(y).
3
Let z be 3/(-6) - (-7)/2. Suppose 0 = -z*r - 2*j + 16, -4*j + 34 = 3*r + 8. Let u(d) = 0*d - 2 + 4*d - d. What is u(r)?
4
Let v(k) = -2*k - 6. Let x(l) = 1. Let u(q) = v(q) + 6*x(q). Give u(1).
-2
Let w be (-4)/(-5)*(-20)/(-8). Suppose 11*g - 6*g - 10 = 0. Let c(y) = 0*y + 2*y + y**3 - y**g - 2 - y + y. Give c(w).
6
Let g = 1 - 1. Let x(p) = -30 + 0*p + 26 + p**2 - p. Calculate x(g).
-4
Let x(y) be the first derivative of y - 2 - 1/2*y**2. Let k be 15/30 + (-14)/(-8)*2. Calculate x(k).
-3
Let z(y) be the first derivative of -y**3/3 + 3*y**2/2 + 4*y - 20. Let g(h) = 2*h**3 - 3*h**2 + 2*h - 3. Let j be g(2). What is z(j)?
-6
Let u(c) = c**3 + 4*c**2 + 3*c + 1. Let t be 9/(-2)*(-2)/(-3). Determine u(t).
1
Let t(j) = j**3 + 0*j**3 + 0*j**2 + 2*j**2 - 9*j**2 + 4. Suppose 28 = 4*x - 0*x. Calculate t(x).
4
Let q(p) = -2*p - 1. Let w be (-28)/(-36) - (-2)/9. Suppose -22 + w = -3*l. Suppose -4 = -u - l. Determine q(u).
5
Let x(c) = -2*c - 2. Let g(m) = -4*m - 5. Let h(n) = 2*g(n) - 5*x(n). Determine h(1).
2
Let q = 1 - 0. Let t(a) = -5*a + 1. Let l(r) = 14*r - 3. Let s(y) = 3*l(y) + 8*t(y). Let h be s(q